{"id":173,"date":"2025-01-31T09:48:38","date_gmt":"2025-01-31T08:48:38","guid":{"rendered":"https:\/\/yourperfectbody.fr\/?page_id=173"},"modified":"2025-04-17T09:06:55","modified_gmt":"2025-04-17T07:06:55","slug":"supra","status":"publish","type":"page","link":"https:\/\/yourperfectbody.fr\/index.php\/supra\/","title":{"rendered":"Supra"},"content":{"rendered":"<p>C&#8217;est un soin esth\u00e9tique, permettant de sculpter et galber notre corps.<\/p>\n<p>Electrostimulation par ondes \u00e9lectromagn\u00e9tiques.<br \/>\nIl s&#8217;agit d&#8217;ondes neuromusculaires pour le renforcement musculaire.<\/p>\n<p>Entre 20000 et 25000 contactions supra-musculaires.<br \/>\nVous \u00eates allong\u00e9s sur le ventre ou le dos pendant une dur\u00e9e de 30 minutes.<\/p>\n<p>Les zones trait\u00e9es : Le ventre, les bras, les fesses, les cuisses (avant, arri\u00e8re et int\u00e9rieur).<br \/>\nCe n&#8217;est pas douloureux, pas l&#8217;impulsion directe comme avec l&#8217;\u00e9lectrostimulation.<br \/>\nSensation similaire \u00e0 une s\u00e9ance de gainage.<\/p>\n<p><u><strong>R\u00e9sultats :<\/strong><\/u><\/p>\n<ul>\n<li><strong>Silhouette affin\u00e9e<\/strong><\/li>\n<li><strong>Un corps sculpt\u00e9 et galb\u00e9<\/strong><\/li>\n<li><strong>Corps plus fort.<\/strong><\/li>\n<\/ul>\n<p>&nbsp;<\/p>\n<p><img loading=\"lazy\" decoding=\"async\" class=\"aligncenter wp-image-660\" src=\"http:\/\/yourperfectbody.fr\/wp-content\/uploads\/2025\/04\/Modele_Supra1-300x172.jpg\" alt=\"\" width=\"697\" height=\"400\" srcset=\"https:\/\/yourperfectbody.fr\/wp-content\/uploads\/2025\/04\/Modele_Supra1-300x172.jpg 300w, https:\/\/yourperfectbody.fr\/wp-content\/uploads\/2025\/04\/Modele_Supra1-1024x588.jpg 1024w, https:\/\/yourperfectbody.fr\/wp-content\/uploads\/2025\/04\/Modele_Supra1-768x441.jpg 768w, https:\/\/yourperfectbody.fr\/wp-content\/uploads\/2025\/04\/Modele_Supra1-1536x882.jpg 1536w, https:\/\/yourperfectbody.fr\/wp-content\/uploads\/2025\/04\/Modele_Supra1.jpg 1703w\" sizes=\"auto, (max-width: 697px) 100vw, 697px\" \/><\/p>\n","protected":false},"excerpt":{"rendered":"<p>C&#8217;est un soin esth\u00e9tique, permettant de sculpter et galber notre corps. Electrostimulation par ondes \u00e9lectromagn\u00e9tiques. Il s&#8217;agit d&#8217;ondes neuromusculaires pour le renforcement musculaire. Entre 20000 et 25000 contactions supra-musculaires. Vous &hellip; <\/p>\n","protected":false},"author":1,"featured_media":0,"parent":0,"menu_order":4,"comment_status":"closed","ping_status":"closed","template":"","meta":{"footnotes":""},"class_list":["post-173","page","type-page","status-publish","hentry"],"_links":{"self":[{"href":"https:\/\/yourperfectbody.fr\/index.php\/wp-json\/wp\/v2\/pages\/173","targetHints":{"allow":["GET"]}}],"collection":[{"href":"https:\/\/yourperfectbody.fr\/index.php\/wp-json\/wp\/v2\/pages"}],"about":[{"href":"https:\/\/yourperfectbody.fr\/index.php\/wp-json\/wp\/v2\/types\/page"}],"author":[{"embeddable":true,"href":"https:\/\/yourperfectbody.fr\/index.php\/wp-json\/wp\/v2\/users\/1"}],"replies":[{"embeddable":true,"href":"https:\/\/yourperfectbody.fr\/index.php\/wp-json\/wp\/v2\/comments?post=173"}],"version-history":[{"count":41,"href":"https:\/\/yourperfectbody.fr\/index.php\/wp-json\/wp\/v2\/pages\/173\/revisions"}],"predecessor-version":[{"id":872,"href":"https:\/\/yourperfectbody.fr\/index.php\/wp-json\/wp\/v2\/pages\/173\/revisions\/872"}],"wp:attachment":[{"href":"https:\/\/yourperfectbody.fr\/index.php\/wp-json\/wp\/v2\/media?parent=173"}],"curies":[{"name":"wp","href":"https:\/\/api.w.org\/{rel}","templated":true}]}}